NOAA-Style Climate Reports


Report for 2021 September
                   Monthly Climatological Summary for Sep 2021

Name: Willand   City: Willand   State: Devon, UK     (9am GMT end of day)
Elevation: 79 m  Lat: N 50° 53' 02"   Lon: W 003° 22' 23"

                  Temperature (°C), Rain (mm), Wind Speed (km/h)

                                      Heat  Cool        Avg
    Mean                              Deg   Deg         Wind                 Dom
Day Temp  High   Time   Low    Time   Days  Days  Rain  Speed High   Time    Dir
----------------------------------------------------------------------------------
01  15.5  18.1   15:57  13.7   06:30   0.5   0.0   0.0   8.9  25.0   01:50    NE
02  14.8  18.1   15:42   9.2   06:48   1.4   0.0   0.0   6.5  29.0   11:34    NE
03  16.0  22.8   16:05  11.0   02:54   1.6   0.0   0.0   5.0  24.0   10:23    NE
04  17.0  23.8   15:36  12.4   05:05   0.8   0.1   0.0   4.7  24.0   12:15    NE
05  17.2  25.4   16:20  12.1   04:40   0.9   0.3   0.0   2.6  17.0   18:10   ESE
06  19.8  29.2   15:20  13.1   06:20   0.5   1.5   0.0   2.4  17.0   13:47   SSE
07  21.9  29.2   15:38  16.4   06:51   0.0   1.9   0.0   7.7  42.0   13:46     E
08  18.5  25.3   15:06  16.2   01:05   0.0   0.2  14.2   3.6  41.0   10:29    SE
09  17.6  20.3   14:16  16.0   04:42   0.0   0.0   4.2   4.1  24.0   10:15     S
10  16.6  19.8   14:26  13.6   04:00   0.3   0.0   0.2   7.5  32.0   14:21   WSW
11  13.9  19.7   16:05   8.4   06:35   2.7   0.0   0.0   4.2  27.0   15:21     W
12  16.8  21.8   15:19  13.6   06:05   0.4   0.0   0.0   2.5  15.0   16:41     E
13  16.4  21.4   14:53  13.8   06:34   0.5   0.0   3.0   5.3  32.0   14:54     E
14  14.5  19.4   15:46   9.1   07:07   1.9   0.0   0.0   3.6  20.0   15:44     N
15  15.7  22.3   15:20  11.9   00:25   1.4   0.0   0.0   3.1  22.0   14:16     W
16  15.3  22.7   14:15   9.8   04:00   1.8   0.0   0.0   2.2  22.0   14:42   WSW
17  16.8  21.3   15:01  14.3   06:29   0.3   0.0   0.0   6.2  34.0   12:51    SE
18  16.3  22.6   14:48  11.0   06:19   1.1   0.0   1.8   4.2  27.0   21:37     S
19  12.3  19.8   14:29   5.9   06:34   3.9   0.0   0.0   6.0  32.0   13:51     W
20  13.1  20.9   14:42   6.2   07:08   3.6   0.0   0.0   4.0  29.0   12:02    NW
21  13.7  22.2   14:35   6.7   07:05   3.4   0.0   0.0   1.9  14.0   14:43     W
22  15.3  21.1   14:57  11.2   06:52   1.4   0.0   0.0   4.0  22.0   09:48   WSW
23  13.9  19.1   15:34   8.5   04:42   2.6   0.0   0.2   5.0  29.0   14:56   WSW
24  17.8  21.9   14:45  14.1   10:00   0.0   0.0   0.0   3.5  17.0   11:42   WSW
25  15.1  20.3   12:50  11.1   08:29   1.7   0.0   0.0   2.5  19.0   13:24   SSE
26  16.0  20.6   15:22   9.5   07:35   1.0   0.0  16.0  10.2  57.0   01:57     S
27  11.8  16.8   15:00   7.4   01:57   3.7   0.0   0.4   7.7  41.0   13:52    SW
----------------------------------------------------------------------------------
    15.9  29.2     6     5.9    19    37.4   4.0  40.0   4.8  57.0    26       S

Max >=  30.0  0
Max <=   0.0  0
Min <=   0.0  0
Min <= -18.0  0
Max Rain: 16.0 on day 26
Days of Rain: 8 (>= 0.2 mm)  5 (>= 1.0 mm)  0 (>= 25.0 mm)
Heat Base: 15.5  Cool Base: 22.0  Method: Integration