NOAA-Style Climate Reports


Report for 2021 October
                   Monthly Climatological Summary for Oct 2021

Name: Willand   City: Willand   State: Devon, UK     (9am GMT end of day)
Elevation: 79 m  Lat: N 50° 53' 02"   Lon: W 003° 22' 23"

                  Temperature (°C), Rain (mm), Wind Speed (km/h)

                                      Heat  Cool        Avg
    Mean                              Deg   Deg         Wind                 Dom
Day Temp  High   Time   Low    Time   Days  Days  Rain  Speed High   Time    Dir
----------------------------------------------------------------------------------
01  10.8  15.5   14:10   6.0   23:32   4.7   0.0   6.6   7.8  37.0   14:14   WSW
02  10.0  13.9   16:19   5.9   08:09   5.5   0.0  10.8   5.2  30.0   10:15   SSW
03  10.1  14.6   14:40   6.3   06:58   5.4   0.0   1.2   6.9  39.0   12:00    SW
04  11.9  14.8   12:34   8.7   05:07   3.6   0.0  14.2   8.8  56.0   22:52    SW
05  11.0  14.4   14:28   8.3   07:58   4.5   0.0   0.6  10.4  51.0   13:00     W
06  14.7  17.1   14:36  12.2   10:00   1.0   0.0   0.0   5.0  25.0   10:54    SW
07  16.2  20.3   13:35  13.7   21:01   0.5   0.0   0.0   3.8  24.0   14:20   SSW
08  14.5  17.8   12:32   9.5   06:48   1.5   0.0   0.0   2.4  17.0   12:36    SE
09  14.6  18.7   14:25  12.4   10:00   1.3   0.0   0.0   1.5  15.0   15:32   NNE
10  11.3  18.6   14:29   4.2   07:35   4.7   0.0   0.0   4.0  24.0   12:11     N
11   9.3  16.5   14:26   3.7   07:50   6.2   0.0   0.0   1.8  15.0   16:20    NW
12  11.0  15.9   16:15   7.5   00:26   4.5   0.0   0.0   2.8  22.0   11:33   NNW
13  11.1  17.4   12:43   6.0   08:02   4.7   0.0   0.0   1.6  20.0   15:06     W
14  12.5  18.0   14:30   7.9   10:00   3.3   0.0   0.0   2.8  17.0   13:49   SSW
15  12.8  17.5   12:45   8.6   03:10   2.9   0.0   0.0   2.3  17.0   12:51    NE
16  11.6  17.5   14:21   7.7   00:12   4.0   0.0   0.0   2.8  22.0   14:57   SSE
17  12.7  18.6   14:36   8.0   01:53   3.1   0.0   0.4   4.6  30.0   08:45   SSE
18  15.8  16.7   06:28  14.7   22:38   0.1   0.0   7.8   6.9  41.0   09:53     S
19  15.0  17.0   12:01  10.3   07:57   0.9   0.0  26.2   8.7  46.0   05:57   SSW
20  11.1  16.3   13:47   7.8   08:43   4.4   0.0  32.8  12.3  51.0   23:17     W
21   7.3  12.6   13:51   3.5   23:50   8.2   0.0   0.0   5.4  35.0   11:29   WNW
22   9.9  12.5   13:14   8.6   04:12   5.6   0.0   0.0   4.5  32.0   13:51   WSW
23  11.7  13.1   14:04   9.8   10:00   3.8   0.0   1.0   7.4  32.0   01:55     S
24  10.6  15.1   15:57   6.7   07:01   4.9   0.0   0.6   3.1  27.0   13:36     S
25  10.8  16.3   14:17   7.4   03:34   4.7   0.0   0.2   4.6  27.0   10:53    SW
----------------------------------------------------------------------------------
    11.9  20.3     7     3.5    21    94.0   0.0 102.4   5.1  56.0     4      SW

Max >=  30.0  0
Max <=   0.0  0
Min <=   0.0  0
Min <= -18.0  0
Max Rain: 32.8 on day 20
Days of Rain: 12 (>= 0.2 mm)  8 (>= 1.0 mm)  2 (>= 25.0 mm)
Heat Base: 15.5  Cool Base: 22.0  Method: Integration