NOAA-Style Climate Reports


Report for 2022 January
                   Monthly Climatological Summary for Jan 2022

Name: Willand   City: Willand   State: Devon, UK     (9am GMT end of day)
Elevation: 79 m  Lat: N 50° 53' 02"   Lon: W 003° 22' 23"

                  Temperature (°C), Rain (mm), Wind Speed (km/h)

                                      Heat  Cool        Avg
    Mean                              Deg   Deg         Wind                 Dom
Day Temp  High   Time   Low    Time   Days  Days  Rain  Speed High   Time    Dir
----------------------------------------------------------------------------------
01  12.1  14.6   11:57   9.4   07:52   3.4   0.0   0.4   9.9  39.0   03:07   SSW
02   9.3  11.1   10:48   7.2   08:39   6.2   0.0  11.4  13.1  46.0   14:49   WSW
03   7.7  10.6   13:06   3.6   08:57   7.8   0.0   0.8   4.9  42.0   08:49    SW
04   2.7   5.4   14:33   0.7   05:28  12.8   0.0   0.2   8.8  39.0   09:13    NW
05   2.5   6.6   12:49  -0.6   05:02  13.0   0.0   0.0   4.8  41.0   13:48   WNW
06   4.8   7.8   16:13   1.3   09:00  10.7   0.0   8.2  10.4  51.0   00:41    SW
07   4.0   8.4   08:55   0.9   21:03  11.5   0.0  10.2   5.3  41.0   11:51   SSW
08   6.2  10.4   12:11   3.6   06:59   9.2   0.0   8.6  13.4  51.0   12:05     W
09   6.6   8.8   14:17   5.3   09:06   8.9   0.0   2.8   2.2  25.0   14:27   WSW
10   9.0  10.6   15:31   7.1   09:00   6.5   0.0   1.8   3.2  27.0   12:38   SSE
11   6.1  11.7   14:10  -0.2   08:12   9.4   0.0   0.0   2.3  19.0   14:13     N
12   1.5   8.1   14:03  -2.0   07:28  13.9   0.0   0.2   0.8  15.0   15:10     N
13   2.3   8.3   14:32  -1.4   09:00  13.2   0.0   0.0   1.3  12.0   05:47   NNW
14   3.8   9.3   14:29   0.8   09:00  11.7   0.0   0.0   2.6  15.0   15:15   NNE
15   5.3   7.2   14:17   2.8   09:00  10.2   0.0   2.0   0.5  10.0   15:24   SSW
16   3.9   9.3   13:30  -2.3   06:52  11.6   0.0   0.2   2.4  19.0   16:13    NW
17   1.7   8.1   14:30  -2.0   09:00  13.8   0.0   0.0   1.7  10.0   18:04     N
----------------------------------------------------------------------------------
     5.3  14.6     1    -2.3    16   173.8   0.0  46.8   5.2  51.0     6     WSW

Max >=  30.0  0
Max <=   0.0  0
Min <=   0.0  6
Min <= -18.0  0
Max Rain: 11.4 on day 2
Days of Rain: 12 (>= 0.2 mm)  7 (>= 1.0 mm)  0 (>= 25.0 mm)
Heat Base: 15.5  Cool Base: 22.0  Method: Integration