NOAA-Style Climate Reports


Report for 2022 May
                   Monthly Climatological Summary for May 2022

Name: Willand   City: Willand   State: Devon, UK     (9am GMT end of day)
Elevation: 79 m  Lat: N 50° 53' 02"   Lon: W 003° 22' 23"

                  Temperature (°C), Rain (mm), Wind Speed (km/h)

                                      Heat  Cool        Avg
    Mean                              Deg   Deg         Wind                 Dom
Day Temp  High   Time   Low    Time   Days  Days  Rain  Speed High   Time    Dir
----------------------------------------------------------------------------------
01   9.5  11.1   09:30   8.3   22:49   6.0   0.0   4.0   2.3  17.0   15:30   SSE
02  10.6  14.7   13:27   6.0   05:34   4.8   0.0   0.0   1.9  20.0   12:09    NE
03  12.3  18.9   13:03   8.3   05:34   3.6   0.0   1.4   2.1  19.0   09:41     W
04  11.7  17.7   13:36   6.4   02:29   4.0   0.0   0.0   6.3  30.0   13:17     W
05  14.2  20.1   14:57   9.9   04:55   2.5   0.0   0.0   6.1  29.0   16:43     W
06  13.2  18.2   09:56   7.7   05:33   2.4   0.0   0.2   7.1  29.0   17:56     W
07  14.8  21.8   15:24   7.7   04:15   2.6   0.0   0.0   5.1  27.0   12:30   NNE
08  12.5  21.1   15:15   4.6   05:42   4.2   0.0   0.0   4.0  29.0   16:24     S
09  15.1  20.2   13:24  11.8   02:43   1.4   0.0   1.8   6.4  29.0   13:05     S
10  14.1  19.7   14:46  10.9   04:59   2.1   0.0   3.6   8.3  41.0   12:48   WSW
11  11.3  15.9   15:41   6.9   05:58   4.1   0.0   4.8   8.1  39.0   16:09     W
12  12.7  16.8   18:21   9.6   04:36   2.9   0.0   0.0   8.2  30.0   14:47   WSW
13  12.8  19.7   16:11   7.2   05:19   3.4   0.0   0.0   7.7  39.0   12:47   WSW
14  14.4  20.9   15:07   9.3   06:03   2.2   0.0   5.2   4.4  25.0   14:59   SSE
15  15.5  20.0   12:06  12.4   04:54   0.9   0.0   1.0   5.6  35.0   12:25   ESE
16  14.7  19.6   15:29   9.9   04:47   1.7   0.0   1.4   6.7  37.0   13:24     S
17  13.9  21.4   11:48   7.6   05:22   2.8   0.0   3.6   7.8  47.0   13:35   SSE
18  12.9  18.3   13:41   8.5   05:48   3.0   0.0   3.4   6.5  41.0   15:36   SSE
----------------------------------------------------------------------------------
    13.1  21.8     7     4.6     8    54.6   0.0  30.4   5.8  47.0    17      SW

Max >=  30.0  0
Max <=   0.0  0
Min <=   0.0  0
Min <= -18.0  0
Max Rain: 5.2 on day 14
Days of Rain: 11 (>= 0.2 mm)  10 (>= 1.0 mm)  0 (>= 25.0 mm)
Heat Base: 15.5  Cool Base: 22.0  Method: Integration