NOAA-Style Climate Reports
Select a Year or Month report
2024: Jan Feb Mar Apr May Jun Jul Aug Sep Oct Nov Dec
2023: Jan Feb Mar Apr May Jun Jul Aug Sep Oct Nov Dec
2022: Jan Feb Mar Apr May Jun Jul Aug Sep Oct Nov Dec
2021: Jan Feb Mar Apr May Jun Jul Aug Sep Oct Nov Dec
2020: Jan Feb Mar Apr May Jun Jul Aug Sep Oct Nov Dec
2019: Jan Feb Mar Apr May Jun Jul Aug Sep Oct Nov Dec
2018: Jan Feb Mar Apr May Jun Jul Aug Sep Oct Nov Dec
2017: Jan Feb Mar Apr May Jun Jul Aug Sep Oct Nov Dec
2016: Jan Feb Mar Apr May Jun Jul Aug Sep Oct Nov Dec
2015: Jan Feb Mar Apr May Jun Jul Aug Sep Oct Nov Dec
2014: Jan Feb Mar Apr May Jun Jul Aug Sep Oct Nov Dec
2013: Jan Feb Mar Apr May Jun Jul Aug Sep Oct Nov Dec
2012: Jan Feb Mar Apr May Jun Jul Aug Sep Oct Nov Dec
2011: Jan Feb Mar Apr May Jun Jul Aug Sep Oct Nov Dec
2010: Jan Feb Mar Apr May Jun Jul Aug Sep Oct Nov Dec
2009: Jan Feb Mar Apr May Jun Jul Aug Sep Oct Nov Dec
2008: Jan Feb Mar Apr May Jun Jul Aug Sep Oct Nov Dec
2007: Jan Feb Mar Apr May Jun Jul Aug Sep Oct Nov Dec
2006: Jan Feb Mar Apr May Jun Jul Aug Sep Oct Nov Dec
2005: Jan Feb Mar Apr May Jun Jul Aug Sep Oct Nov Dec
2004: Jan Feb Mar Apr May Jun Jul Aug Sep Oct Nov Dec
2024: Jan Feb Mar Apr May Jun Jul Aug Sep Oct Nov Dec
2023: Jan Feb Mar Apr May Jun Jul Aug Sep Oct Nov Dec
2022: Jan Feb Mar Apr May Jun Jul Aug Sep Oct Nov Dec
2021: Jan Feb Mar Apr May Jun Jul Aug Sep Oct Nov Dec
2020: Jan Feb Mar Apr May Jun Jul Aug Sep Oct Nov Dec
2019: Jan Feb Mar Apr May Jun Jul Aug Sep Oct Nov Dec
2018: Jan Feb Mar Apr May Jun Jul Aug Sep Oct Nov Dec
2017: Jan Feb Mar Apr May Jun Jul Aug Sep Oct Nov Dec
2016: Jan Feb Mar Apr May Jun Jul Aug Sep Oct Nov Dec
2015: Jan Feb Mar Apr May Jun Jul Aug Sep Oct Nov Dec
2014: Jan Feb Mar Apr May Jun Jul Aug Sep Oct Nov Dec
2013: Jan Feb Mar Apr May Jun Jul Aug Sep Oct Nov Dec
2012: Jan Feb Mar Apr May Jun Jul Aug Sep Oct Nov Dec
2011: Jan Feb Mar Apr May Jun Jul Aug Sep Oct Nov Dec
2010: Jan Feb Mar Apr May Jun Jul Aug Sep Oct Nov Dec
2009: Jan Feb Mar Apr May Jun Jul Aug Sep Oct Nov Dec
2008: Jan Feb Mar Apr May Jun Jul Aug Sep Oct Nov Dec
2007: Jan Feb Mar Apr May Jun Jul Aug Sep Oct Nov Dec
2006: Jan Feb Mar Apr May Jun Jul Aug Sep Oct Nov Dec
2005: Jan Feb Mar Apr May Jun Jul Aug Sep Oct Nov Dec
2004: Jan Feb Mar Apr May Jun Jul Aug Sep Oct Nov Dec
Report for 2022 June
Monthly Climatological Summary for Jun 2022 Name: Willand City: Willand State: Devon, UK (9am GMT end of day) Elevation: 79 m Lat: N 50° 53' 02" Lon: W 003° 22' 23" Temperature (°C), Rain (mm), Wind Speed (km/h) Heat Cool Avg Mean Deg Deg Wind Dom Day Temp High Time Low Time Days Days Rain Speed High Time Dir ---------------------------------------------------------------------------------- 01 13.0 21.0 16:04 5.2 05:16 3.4 0.0 0.0 3.6 24.0 09:29 N 02 14.3 22.0 15:47 5.8 04:21 3.2 0.0 0.0 6.4 34.0 13:10 SE 03 16.1 22.6 15:00 11.1 06:17 1.3 0.0 0.6 10.3 37.0 07:58 NE 04 14.7 19.1 18:38 10.7 06:58 1.7 0.0 1.0 11.3 41.0 13:55 NE 05 12.8 16.4 09:57 11.1 05:21 2.6 0.0 3.0 2.5 17.0 18:43 E 06 15.9 21.4 18:30 12.2 04:39 1.1 0.0 0.0 4.7 22.0 20:49 SE 07 16.0 20.6 16:01 12.1 05:27 0.8 0.0 1.6 6.7 32.0 17:14 S 08 14.6 19.4 12:58 10.9 02:14 1.7 0.0 1.2 11.1 47.0 13:52 WSW 09 15.6 19.8 09:55 10.1 04:59 1.1 0.0 0.6 7.0 32.0 11:23 SW 10 15.9 22.5 14:12 9.0 05:16 1.8 0.0 0.0 8.3 39.0 16:47 SW 11 15.2 21.7 15:11 7.9 04:50 2.3 0.0 0.0 9.0 39.0 14:52 WSW 12 13.6 19.7 16:01 6.3 05:38 3.0 0.0 0.0 7.2 34.0 14:12 WNW 13 13.9 21.9 15:46 5.2 05:26 3.2 0.0 0.0 4.7 22.0 10:42 WNW 14 16.0 25.1 15:27 5.7 05:22 2.9 0.5 0.0 3.4 20.0 15:53 SSE 15 17.0 27.3 16:38 7.1 05:16 2.3 0.7 0.0 5.0 25.0 17:30 W 16 19.1 27.8 13:53 10.0 05:28 1.2 1.3 0.0 3.6 24.0 15:16 SSE 17 22.0 33.1 14:43 14.6 01:57 0.1 3.0 0.0 6.9 30.0 15:46 W 18 12.8 19.1 15:35 9.0 02:22 3.3 0.0 14.6 8.8 44.0 15:01 N 19 13.6 17.1 09:34 11.1 05:41 2.0 0.0 3.8 10.1 37.0 17:04 NNE 20 16.0 23.3 18:35 7.0 05:18 2.4 0.1 0.0 6.8 35.0 11:59 NE 21 18.7 26.1 17:29 9.8 04:09 1.4 0.9 0.0 4.3 20.0 18:01 NE 22 20.5 29.4 16:38 10.8 05:09 1.0 2.2 0.0 5.7 25.0 11:09 NE 23 18.6 26.7 14:00 14.3 05:47 0.3 0.7 0.8 5.1 27.0 14:18 SE 24 13.7 18.7 14:07 8.9 04:08 2.3 0.0 2.6 8.0 37.0 17:18 S 25 13.2 17.6 15:35 9.8 05:37 2.5 0.0 18.6 8.0 37.0 10:24 S 26 15.1 20.4 14:27 11.7 04:22 1.6 0.0 0.4 9.1 42.0 13:51 SSW 27 14.3 19.4 16:53 9.6 05:09 2.1 0.0 0.0 8.5 51.0 09:59 WSW 28 13.9 18.1 09:59 11.3 02:25 1.7 0.0 7.4 9.7 47.0 12:45 SSE 29 13.3 20.1 11:14 8.0 05:29 2.7 0.0 6.4 3.2 25.0 12:53 SW 30 12.3 18.0 11:25 8.2 02:31 3.3 0.0 6.2 2.9 20.0 11:59 SSW ---------------------------------------------------------------------------------- 15.4 33.1 17 5.2 1 60.3 9.4 68.8 6.7 51.0 27 SW Max >= 30.0 1 Max <= 0.0 0 Min <= 0.0 0 Min <= -18.0 0 Max Rain: 18.6 on day 25 Days of Rain: 15 (>= 0.2 mm) 11 (>= 1.0 mm) 0 (>= 25.0 mm) Heat Base: 15.5 Cool Base: 22.0 Method: Integration