NOAA-Style Climate Reports
Select a Year or Month report
2024: Jan Feb Mar Apr May Jun Jul Aug Sep Oct Nov Dec
2023: Jan Feb Mar Apr May Jun Jul Aug Sep Oct Nov Dec
2022: Jan Feb Mar Apr May Jun Jul Aug Sep Oct Nov Dec
2021: Jan Feb Mar Apr May Jun Jul Aug Sep Oct Nov Dec
2020: Jan Feb Mar Apr May Jun Jul Aug Sep Oct Nov Dec
2019: Jan Feb Mar Apr May Jun Jul Aug Sep Oct Nov Dec
2018: Jan Feb Mar Apr May Jun Jul Aug Sep Oct Nov Dec
2017: Jan Feb Mar Apr May Jun Jul Aug Sep Oct Nov Dec
2016: Jan Feb Mar Apr May Jun Jul Aug Sep Oct Nov Dec
2015: Jan Feb Mar Apr May Jun Jul Aug Sep Oct Nov Dec
2014: Jan Feb Mar Apr May Jun Jul Aug Sep Oct Nov Dec
2013: Jan Feb Mar Apr May Jun Jul Aug Sep Oct Nov Dec
2012: Jan Feb Mar Apr May Jun Jul Aug Sep Oct Nov Dec
2011: Jan Feb Mar Apr May Jun Jul Aug Sep Oct Nov Dec
2010: Jan Feb Mar Apr May Jun Jul Aug Sep Oct Nov Dec
2009: Jan Feb Mar Apr May Jun Jul Aug Sep Oct Nov Dec
2008: Jan Feb Mar Apr May Jun Jul Aug Sep Oct Nov Dec
2007: Jan Feb Mar Apr May Jun Jul Aug Sep Oct Nov Dec
2006: Jan Feb Mar Apr May Jun Jul Aug Sep Oct Nov Dec
2005: Jan Feb Mar Apr May Jun Jul Aug Sep Oct Nov Dec
2004: Jan Feb Mar Apr May Jun Jul Aug Sep Oct Nov Dec
2024: Jan Feb Mar Apr May Jun Jul Aug Sep Oct Nov Dec
2023: Jan Feb Mar Apr May Jun Jul Aug Sep Oct Nov Dec
2022: Jan Feb Mar Apr May Jun Jul Aug Sep Oct Nov Dec
2021: Jan Feb Mar Apr May Jun Jul Aug Sep Oct Nov Dec
2020: Jan Feb Mar Apr May Jun Jul Aug Sep Oct Nov Dec
2019: Jan Feb Mar Apr May Jun Jul Aug Sep Oct Nov Dec
2018: Jan Feb Mar Apr May Jun Jul Aug Sep Oct Nov Dec
2017: Jan Feb Mar Apr May Jun Jul Aug Sep Oct Nov Dec
2016: Jan Feb Mar Apr May Jun Jul Aug Sep Oct Nov Dec
2015: Jan Feb Mar Apr May Jun Jul Aug Sep Oct Nov Dec
2014: Jan Feb Mar Apr May Jun Jul Aug Sep Oct Nov Dec
2013: Jan Feb Mar Apr May Jun Jul Aug Sep Oct Nov Dec
2012: Jan Feb Mar Apr May Jun Jul Aug Sep Oct Nov Dec
2011: Jan Feb Mar Apr May Jun Jul Aug Sep Oct Nov Dec
2010: Jan Feb Mar Apr May Jun Jul Aug Sep Oct Nov Dec
2009: Jan Feb Mar Apr May Jun Jul Aug Sep Oct Nov Dec
2008: Jan Feb Mar Apr May Jun Jul Aug Sep Oct Nov Dec
2007: Jan Feb Mar Apr May Jun Jul Aug Sep Oct Nov Dec
2006: Jan Feb Mar Apr May Jun Jul Aug Sep Oct Nov Dec
2005: Jan Feb Mar Apr May Jun Jul Aug Sep Oct Nov Dec
2004: Jan Feb Mar Apr May Jun Jul Aug Sep Oct Nov Dec
Report for 2022 July
Monthly Climatological Summary for Jul 2022 Name: Willand City: Willand State: Devon, UK (9am GMT end of day) Elevation: 79 m Lat: N 50° 53' 02" Lon: W 003° 22' 23" Temperature (°C), Rain (mm), Wind Speed (km/h) Heat Cool Avg Mean Deg Deg Wind Dom Day Temp High Time Low Time Days Days Rain Speed High Time Dir ---------------------------------------------------------------------------------- 01 14.3 18.7 14:02 9.9 00:45 1.7 0.0 0.4 7.1 34.0 14:38 SW 02 14.3 18.6 18:13 10.6 23:50 1.7 0.0 1.2 6.3 29.0 11:46 WSW 03 13.9 19.5 17:49 7.9 03:38 2.6 0.0 0.0 7.4 35.0 13:26 W 04 13.5 18.2 09:47 7.4 05:23 2.6 0.0 0.0 6.1 29.0 17:24 W 05 16.5 21.7 16:59 11.7 02:59 0.9 0.0 0.0 7.3 30.0 18:48 WNW 06 17.8 21.0 13:56 14.3 01:12 0.1 0.0 0.0 9.3 34.0 17:32 WNW 07 19.0 26.0 17:13 11.3 05:08 0.9 0.9 0.0 4.4 25.0 11:52 NNE 08 19.8 28.2 14:46 10.8 03:41 1.0 1.5 0.0 5.1 27.0 16:59 NW 09 20.9 28.8 16:25 12.4 05:27 0.4 2.0 0.0 5.0 22.0 14:22 N 10 21.0 29.9 15:47 11.5 05:25 0.8 2.5 0.0 3.9 22.0 16:54 SSE 11 22.2 29.9 15:14 15.1 03:35 0.0 2.6 0.0 4.7 25.0 12:28 SSE 12 22.3 28.4 13:00 15.8 05:19 0.0 2.1 0.0 2.3 15.0 13:47 SSE 13 17.7 25.6 15:42 8.7 05:02 1.7 0.8 0.0 4.6 25.0 09:33 NW 14 17.0 24.0 16:10 8.6 05:35 1.7 0.2 0.0 6.7 32.0 14:59 NW 15 18.6 25.8 16:00 10.3 05:21 1.2 0.8 0.0 5.0 27.0 15:36 NW 16 20.2 28.8 15:02 11.5 05:30 0.8 1.9 0.0 3.6 29.0 09:46 SSE 17 21.3 30.1 16:41 12.8 05:19 0.5 2.6 0.0 6.1 41.0 12:33 SSE 18 24.7 35.1 15:55 16.7 04:23 0.0 4.2 0.0 4.5 25.0 15:16 SSE 19 22.5 31.8 17:05 15.6 03:43 0.0 2.7 0.4 5.7 30.0 15:48 SW 20 16.8 20.3 10:12 13.6 03:42 0.4 0.0 1.0 5.9 32.0 18:23 WNW 21 18.3 24.7 14:32 13.6 04:54 0.4 0.3 0.0 3.6 20.0 18:01 NW 22 16.0 22.8 17:39 8.9 05:19 1.9 0.0 0.0 4.0 25.0 18:19 W 23 18.2 20.6 15:44 16.9 22:23 0.0 0.0 1.2 7.7 32.0 09:45 S 24 18.8 25.7 14:28 14.9 05:46 0.0 0.3 0.4 11.1 42.0 14:52 SW 25 16.3 21.9 13:13 11.4 04:48 1.1 0.0 0.0 8.7 37.0 15:38 WNW 26 15.1 23.1 18:07 6.6 05:42 2.6 0.0 0.0 5.4 27.0 13:34 NW 27 16.1 22.2 11:38 10.3 02:28 1.7 0.0 3.2 4.3 24.0 13:01 S 28 16.5 22.7 09:51 10.3 04:32 1.4 0.0 0.0 3.5 19.0 17:43 NE 29 19.5 28.6 16:16 11.6 04:05 0.8 1.6 0.0 4.1 25.0 13:51 SSE 30 19.8 25.0 16:13 17.6 03:42 0.0 0.2 0.0 9.4 34.0 02:38 WSW 31 17.6 23.8 15:25 11.7 03:31 0.8 0.1 0.0 7.8 34.0 12:26 W ---------------------------------------------------------------------------------- 18.3 35.1 18 6.6 26 29.7 27.3 7.8 5.8 42.0 24 W Max >= 30.0 3 Max <= 0.0 0 Min <= 0.0 0 Min <= -18.0 0 Max Rain: 3.2 on day 27 Days of Rain: 7 (>= 0.2 mm) 4 (>= 1.0 mm) 0 (>= 25.0 mm) Heat Base: 15.5 Cool Base: 22.0 Method: Integration