NOAA-Style Climate Reports


Report for 2022 August
                   Monthly Climatological Summary for Aug 2022

Name: Willand   City: Willand   State: Devon, UK     (9am GMT end of day)
Elevation: 79 m  Lat: N 50° 53' 02"   Lon: W 003° 22' 23"

                  Temperature (°C), Rain (mm), Wind Speed (km/h)

                                      Heat  Cool        Avg
    Mean                              Deg   Deg         Wind                 Dom
Day Temp  High   Time   Low    Time   Days  Days  Rain  Speed High   Time    Dir
----------------------------------------------------------------------------------
01  21.1  28.6   15:08  17.5   05:38   0.0   1.0   0.0   5.9  29.0   19:04   SSW
02  21.3  26.8   17:17  18.5   01:53   0.0   0.8   0.2   9.7  35.0   12:52    SW
03  17.7  25.7   16:09  12.1   05:35   0.8   0.4   0.4   5.2  29.0   17:46     W
04  15.9  21.4   12:38   9.2   06:04   1.7   0.0   0.0   8.0  32.0   19:08    NW
05  15.2  21.8   15:56   7.9   05:48   2.2   0.0   0.0   7.0  32.0   11:11    NW
06  17.3  24.7   15:23   9.4   05:11   1.8   0.5   0.0   5.1  24.0   17:06     N
07  19.8  29.6   15:49  10.6   06:02   1.1   1.8   0.0   3.4  22.0   16:57   NNW
08  21.0  31.2   16:19  11.2   06:02   0.9   2.7   0.0   4.0  25.0   15:26    SE
09  22.1  32.0   14:45  12.1   06:10   0.6   3.3   0.0   3.2  22.0   15:40    SE
----------------------------------------------------------------------------------
    19.0  32.0     9     7.9     5     9.1  10.5   0.6   5.7  35.0     2       W

Max >=  30.0  2
Max <=   0.0  0
Min <=   0.0  0
Min <= -18.0  0
Max Rain: 0.4 on day 3
Days of Rain: 2 (>= 0.2 mm)  0 (>= 1.0 mm)  0 (>= 25.0 mm)
Heat Base: 15.5  Cool Base: 22.0  Method: Integration